at is the highest common divisor of 2 and s?
2
Suppose 0*t + 3*t - 60 = 0. Let d = t - 9. Suppose -3*j + 5 = 2*j. What is the greatest common factor of j and d?
1
Let n be 1/(((-4)/(-12))/((-58)/(-6))). Calculate the greatest common divisor of n and 232.
29
Let y be (-644)/(-18) - 4/(-18). Suppose 76 = -15*m + 11*m. Let g = y + m. Calculate the greatest common factor of 34 and g.
17
Suppose o = 3*o - 14. Suppose -2*b + o = -21. Let h be (-1)/(3/(-23 + 2)). What is the highest common divisor of b and h?
7
Suppose 0 + 3 = 3*p. Suppose -h + p = -2. Let w = -31 - -58. What is the highest common divisor of w and h?
3
Let q = -2 - -29. Calculate the greatest common factor of 3 and q.
3
Suppose 3*t - 35 - 16 = 0. Let s = -10 + t. Calculate the greatest common factor of s and 35.
7
Let y be 2/10 - (-20870)/25. Suppose 3*f = -0*f - 3*s + 630, s + y = 4*f. Let x = 369 - f. What is the highest common factor of 20 and x?
20
Let i(r) = 4*r - 4. Let v be i(-9). Let h = -24 - v. Calculate the highest common divisor of h and 144.
16
Let j(c) = -12*c + 1. Let h be j(-2). Suppose h = 2*r + 2*w + w, 0 = -5*r - 5*w + 50. What is the highest common divisor of 5 and r?
5
Suppose -3*k + 2 = -25. Let l = 26 + 37. What is the greatest common factor of k and l?
9
Let v = -457 + 468. Suppose -6*s + 45 = -s. Let j be (-4)/14 + s/7. What is the greatest common factor of j and v?
1
Let y(j) = -j**2 - 21*j + 28. Let q be y(-14). What is the highest common factor of 14 and q?
14
Let q(j) = -j + 1. Let z be q(9). Let c be (z/(-6))/(4/30). What is the greatest common divisor of c and 90?
10
Suppose 13 = 2*y - 11. Suppose 0 = u - 4*u + 36. What is the greatest common factor of y and u?
12
Suppose 21 = -3*x + 60. What is the greatest common divisor of x and 104?
13
Suppose 4*t - 8 = -0*t. Suppose -5*c + 23 = u, 0*c + 5*c = -t*u + 36. What is the greatest common divisor of u and 104?
13
Let i be ((26/(-5))/((-4)/10))/1. What is the highest common divisor of 39 and i?
13
Let d(m) = 3*m**2 + 5*m - 8. Let s be d(-7). Let x = 25 - 12. What is the greatest common factor of s and x?
13
Suppose -5*v + z + 877 = 0, 9*v - 6*v + z - 531 = 0. Calculate the highest common divisor of 11 and v.
11
Suppose 0 = -3*f + 5*f + 10, -q - 4*f + 330 = 0. Calculate the greatest common factor of 35 and q.
35
Suppose o - 3 = 3. Suppose 0*k + o = -k. Let w(a) = -a**3 - 5*a**2 + 3*a + 8. Let v be w(k). Calculate the highest common factor of 65 and v.
13
Let q = -23 - -26. What is the highest common divisor of q and 3?
3
Suppose -o - 17 + 69 = 3*t, 4*o - t = 221. Suppose 3*y - 17 - 16 = 0. Calculate the greatest common divisor of o and y.
11
Suppose 0 = 9*z - 6*z - 84. What is the greatest common factor of 70 and z?
14
Let c(b) = -2 + 2 + 13*b + 5. Let n be c(5). What is the highest common divisor of n and 28?
14
Suppose 2*i + 10 = 50. What is the greatest common factor of 40 and i?
20
Suppose 0 = -0*n - 5*n - f + 769, -459 = -3*n - 3*f. Calculate the highest common factor of n and 14.
14
Suppose -3*y + 2 = -34. Let q(o) = 2*o**2 + o + 3. Let j be q(-5). What is the highest common divisor of j and y?
12
Suppose 2*h = 85 - 27. Let f = -14 + h. Let m = 30 - f. Calculate the highest common factor of m and 6.
3
Let h = -6 + 3. Let q be 1 + h - -1 - -17. What is the highest common divisor of q and 40?
8
Suppose -5*j - 13 = -3*n, -4*n + 3*j + 22 + 10 = 0. Let y be n/2 + 7/14. Calculate the highest common divisor of y and 42.
6
Let a = 11 - 10. Let t be ((-55)/(-4))/(a/4). What is the highest common divisor of t and 22?
11
Let j be -115 - (0/2 - -2). Let d = j + 215. What is the greatest common factor of d and 14?
14
Let t = -28 + 45. What is the highest common factor of t and 119?
17
Suppose 0 = 2*b - 17 + 9. Suppose 4*q + 4*o + 95 = 5*q, -5*q + b*o + 443 = 0. What is the greatest common factor of q and 58?
29
Suppose 19 = 4*q + 5*b, 3*q + 0*b = 2*b + 20. Suppose 3*f = -r + 182, 4*f + 3*r - 250 = -2*r. Let x = 102 - f. Calculate the greatest common divisor of x and q.
6
Let w be 22/3 - 12/36. Calculate the greatest common factor of 77 and w.
7
Suppose -4*a + 36 = 3*q - 10, 4*q - 2*a = 76. What is the greatest common divisor of 45 and q?
9
Suppose -4*r + 4 = 0, -14*g + 13*g + 2*r = -1. What is the greatest common factor of g and 12?
3
Let l = -11 + 15. Suppose -l*y + 4*h - 3*h = -7, 2*h - 13 = -y. Calculate the highest common factor of 33 and y.
3
Suppose -p + 4*k = -36, 3*p - 160 - 12 = -4*k. What is the greatest common divisor of p and 130?
26
Let j(n) = -4*n - 8. Let u be j(-4). Suppose -3*b = -3*q - 90, 2*q = 2*b + 6*q - 72. Let f = b - -8. What is the highest common divisor of u and f?
8
Let r be 950/(-15) - (-1)/3. Let q = -41 - r. Calculate the greatest common factor of 66 and q.
22
Let u = -5 + 7. Let y = -3 - u. Let d = y - -11. What is the greatest common factor of d and 30?
6
Let l(c) = -c**2 + 7*c - 7. Let i be l(8). Let w be (8 - -1)*(-4)/6. Let t be (w/i)/(1/35). Calculate the greatest common factor of t and 56.
14
Suppose 0 = 3*c - 2*c + 2*r - 54, 5*r + 107 = 3*c. What is the greatest common factor of c and 4?
4
Suppose 50 = 2*v - 4*u, -3*u = -0*v + 3*v - 30. What is the highest common divisor of v and 165?
15
Let r be 274/2*3/(-3). Let g be r/(-9) + (-2)/9. What is the highest common divisor of g and 135?
15
Let k = 9 + 4. What is the greatest common divisor of k and 104?
13
Suppose 0 = 14*r - 15*r + 8. What is the greatest common factor of 56 and r?
8
Let g = 2 - -8. Let c(i) = -i - 3 - 6*i - i**3 - 3*i**2 - 1. Let o be c(-4). Calculate the greatest common divisor of g and o.
10
Let q = 6 + -7. Let c be q/(-1) + 9*12. Let s = -44 + c. What is the highest common factor of 13 and s?
13
Let s(f) = 3*f**2 + 2*f - 4. Let t be s(2). What is the highest common divisor of 72 and t?
12
Suppose -5*l = 2*h - 10, 8*l - 3*l + 5*h = 25. Let y(s) = -s**3 + s**2 - s + 5. Let t be y(l). What is the highest common divisor of 10 and t?
5
Let x be 21*(-3)/45*-5. Calculate the greatest common divisor of 7 and x.
7
Let q = 58 - 4. Calculate the highest common factor of 81 and q.
27
Let t = 7 - 6. Let o be (-4 + t)/((-6)/4). Calculate the highest common factor of o and 16.
2
Let v(w) = -5*w + 4. Let i be v(-3). Calculate the highest common divisor of i and 19.
19
Suppose 27*o = 6*o + 147. Calculate the greatest common factor of o and 35.
7
Suppose -11 - 6 = -b - s, 0 = 3*b + 4*s - 54. Calculate the highest common divisor of 154 and b.
14
Let w = 21 - 9. Let k be 2/(-4)*-19*2. Suppose 2*a - k = 5. Calculate the highest common factor of w and a.
12
Let g = -1 + 5. Suppose -6 = -5*m + g. What is the greatest common divisor of m and 4?
2
Let z(s) = -s - 7. Let q be z(-10). Suppose 38 + 29 = q*k - 5*n, -3*k + 2*n = -52. What is the greatest common factor of 140 and k?
14
Suppose 2*a + 0*a - 32 = 4*s, 2*s = -2. Let w = a - 10. Suppose 5*h - 2*k = k, -h + w*k = 17. Calculate the highest common factor of 27 and h.
3
Let x be ((-8)/32)/((-2)/24). What is the greatest common divisor of x and 9?
3
Let a = 55 + -20. Calculate the highest common factor of 5 and a.
5
Let u = 141 + -96. Suppose -u = -m + k + 4*k, -2*k = 5*m - 198. Calculate the greatest common divisor of m and 16.
8
Let z = -13 + 73. Calculate the greatest common factor of z and 15.
15
Suppose 4*i - 482 = -2*l, -2*i + 364 = i + 4*l. What is the greatest common factor of i and 15?
15
Let j be -3 + -6*9/(-2). What is the highest common divisor of j and 192?
24
Suppose 0 = u - k - 21, -4*k + 38 = 2*u + 2. Let l be (-28)/(-4) - 3/1. What is the highest common divisor of u and l?
4
Let a = 33 - 21. What is the greatest common factor of a and 108?
12
Let h = 21 - 13. What is the highest common divisor of h and 12?
4
Suppose -3*r + 5*u = -r - 16, -5*r - 3*u = -102. Let o(g) = g**3 - 5*g**2 - 3*g - 6. Let s be o(6). Calculate the greatest common factor of s and r.
6
Let n(y) = 7*y - 8. Suppose 3*l - 6 - 3 = 0. Let k(j) = -j**3 + 4*j**2 + j - 3. Let v be k(l). Let x be n(v). What is the greatest common factor of x and 11?
11
Suppose 0 = 3*j - 104 - 76. Suppose 0 = -5*o + a + 27, -4*o = 15*a - 12*a - 33. What is the highest common divisor of o and j?
6
Suppose -5*d - 18 = -4*d + 4*w, 3*d - 10 = 4*w. Let f be 47 + d + 2 + -1. Calculate the greatest common divisor of 23 and f